{"id":201,"date":"2018-05-27T17:01:32","date_gmt":"2018-05-27T15:01:32","guid":{"rendered":"http:\/\/bkt.blog.muenster.org\/?page_id=201"},"modified":"2025-05-22T09:07:03","modified_gmt":"2025-05-22T07:07:03","slug":"infos","status":"publish","type":"page","link":"https:\/\/bkt.blog.muenster.org\/?page_id=201","title":{"rendered":"Infos"},"content":{"rendered":"\n<p>Der Berufsverband f\u00fcr K\u00fcnstlerische Therapien ist f\u00fcr seine herausragenden Leistungen bekannt.<br \/>In den vergangenen Jahrzehnten haben wir regelm\u00e4\u00dfig viele erfolgreiche Veranstaltungen organisiert oder an solchen Veranstaltungen teilgenommen.<\/p>\n\n\n\n<p>Die Palette reicht von Kongresse, Symposien, Tagen der offenen T\u00fcr bis zu den seit Jahrzehnten regelm\u00e4\u00dfig durchgef\u00fchrten Seminaren.<\/p>\n\n\n\n<p>Teilen Sie uns Ihre Email-Adresse mit, damit wir Ihnen die Newsletter zuschicken k\u00f6nnen:<br \/><a>bkt@muenster.de<\/a><\/p>\n\n\n\n<p>F\u00fcr Veranstaltungen des Berufsverbands K\u00fcnstlerische Therapien BKT g.e.V. gilt:<\/p>\n\n\n\n<figure class=\"wp-block-table\"><table class=\"has-fixed-layout\"><tbody><tr><td><em>Die Zertifizierung durch die \u00c4rztekammer und Psychotherapeutenkammer kann zu den vereinbarten Terminen beantragt werden.<br \/><br \/>Fortbildungspunkte vergibt auch der Berufsverband f\u00fcr K\u00fcnstlerische Therapien.<br \/><br \/>Hier Beispiele der Akkreditierung von Wochenendseminaren und Intensivkompaktwochen.<\/em><br \/><a href=\"http:\/\/www.k\u00fcnstlerischetherapien.de\/MTT\/BKT\/mtt\/Veranstaltungen\/PTK-Fortbildungen-Herbst_2014.JPG\"><img decoding=\"async\" border=\"0\" src=\"http:\/\/www.muenster.org\/mtt\/m-t-t\/Veranstaltungen\/Kompak1.JPG\" \/><\/a><br \/><a href=\"http:\/\/www.k\u00fcnstlerischetherapien.de\/MTT\/BKT\/mtt\/Veranstaltungen\/PTK-Fortbildungen-Herbst_2014.JPG\"><\/a><a href=\"http:\/\/www.musiktherapie-info.de\/\">Weiterbildungsstudium Musiktherapie&nbsp;<\/a><br \/><a href=\"https:\/\/tanztherapie.net\/\">Weiterbildungsstudium Tanztherapie&nbsp;<\/a><br \/><a href=\"http:\/\/kunsttherapie.bkmt.de\/\">Weiterbildungsstudium Kunsttherapie<\/a><br \/><a href=\"http:\/\/kunsttherapie.bkmt.de\/ausbildungsorganisation\/\">Kombinationen von Gebieten K\u00fcnstlerischer Therapien<\/a><\/td><\/tr><\/tbody><\/table><\/figure>\n\n\n\n<blockquote class=\"wp-block-quote is-layout-flow wp-block-quote-is-layout-flow\">\n<blockquote class=\"wp-block-quote is-layout-flow wp-block-quote-is-layout-flow\">\n<blockquote class=\"wp-block-quote is-layout-flow wp-block-quote-is-layout-flow\">\n<hr class=\"wp-block-separator has-alpha-channel-opacity\" \/>\n<\/blockquote>\n<\/blockquote>\n<\/blockquote>\n\n\n\n<p>Suche nach:<\/p>\n\n\n\n<h3 class=\"wp-block-heading\">Termine<\/h3>\n\n\n\n<p>an jedem Wochenende<\/p>\n\n\n\n<ul class=\"wp-block-list\">\n<li>wie den Teilnehmern bekannt<\/li>\n\n\n\n<li>Interessenten bitte anrufen oder schreiben:<br \/>0251 861500<br \/><a href=\"mailto:bkt@muenster.org\">bkt@muenster.de<\/a><\/li>\n<\/ul>\n\n\n\n<p><a href=\"http:\/\/bkt.blog.muenster.org\/?page_id=447\">Intensivkompaktwochen<\/a> n. V.<\/p>\n\n\n\n<p><a href=\"http:\/\/bkt.blog.muenster.org\/?page_id=13\">aktuelle Termine<\/a><\/p>\n","protected":false},"excerpt":{"rendered":"<p>Der Berufsverband f\u00fcr K\u00fcnstlerische Therapien ist f\u00fcr seine herausragenden Leistungen bekannt.In den vergangenen Jahrzehnten haben wir regelm\u00e4\u00dfig viele erfolgreiche Veranstaltungen organisiert oder an solchen Veranstaltungen teilgenommen. Die Palette reicht von Kongresse, Symposien, Tagen der offenen T\u00fcr bis zu den seit Jahrzehnten regelm\u00e4\u00dfig durchgef\u00fchrten Seminaren. Teilen Sie uns Ihre Email-Adresse mit, damit wir Ihnen die Newsletter [&hellip;]<\/p>\n","protected":false},"author":13,"featured_media":0,"parent":0,"menu_order":0,"comment_status":"closed","ping_status":"closed","template":"","meta":{"ngg_post_thumbnail":0,"footnotes":""},"class_list":["post-201","page","type-page","status-publish","hentry"],"_links":{"self":[{"href":"https:\/\/bkt.blog.muenster.org\/index.php?rest_route=\/wp\/v2\/pages\/201","targetHints":{"allow":["GET"]}}],"collection":[{"href":"https:\/\/bkt.blog.muenster.org\/index.php?rest_route=\/wp\/v2\/pages"}],"about":[{"href":"https:\/\/bkt.blog.muenster.org\/index.php?rest_route=\/wp\/v2\/types\/page"}],"author":[{"embeddable":true,"href":"https:\/\/bkt.blog.muenster.org\/index.php?rest_route=\/wp\/v2\/users\/13"}],"replies":[{"embeddable":true,"href":"https:\/\/bkt.blog.muenster.org\/index.php?rest_route=%2Fwp%2Fv2%2Fcomments&post=201"}],"version-history":[{"count":13,"href":"https:\/\/bkt.blog.muenster.org\/index.php?rest_route=\/wp\/v2\/pages\/201\/revisions"}],"predecessor-version":[{"id":2128,"href":"https:\/\/bkt.blog.muenster.org\/index.php?rest_route=\/wp\/v2\/pages\/201\/revisions\/2128"}],"wp:attachment":[{"href":"https:\/\/bkt.blog.muenster.org\/index.php?rest_route=%2Fwp%2Fv2%2Fmedia&parent=201"}],"curies":[{"name":"wp","href":"https:\/\/api.w.org\/{rel}","templated":true}]}}