{"id":221,"date":"2018-05-27T17:29:18","date_gmt":"2018-05-27T15:29:18","guid":{"rendered":"http:\/\/bkt.blog.muenster.org\/?page_id=221"},"modified":"2026-01-04T13:17:00","modified_gmt":"2026-01-04T12:17:00","slug":"erinnerungen","status":"publish","type":"page","link":"https:\/\/bkt.blog.muenster.org\/?page_id=221","title":{"rendered":"Erinnerungen"},"content":{"rendered":"<p>anl\u00e4sslich des 30-j\u00e4hrigen Bestehens<br \/>(gegr. 16.4.1984 in der Universit\u00e4t M\u00fcnster)&nbsp;<br \/>und des Jubil\u00e4umssymposion 2024 in der Univ. M\u00fcnster<\/p>\n<p><a href=\"http:\/\/bkt.blog.muenster.org\/?page_id=395\">Zur Geschichte der Musiktherapie in M\u00fcnster<\/a>&nbsp;<\/p>\n<p><a href=\"http:\/\/bkt.blog.muenster.org\/wp-content\/uploads\/sites\/12\/2018\/11\/Musiktherapie-Konzerte-gedreht.pdf\">Musiktherapie-Dokumente seit 1983&nbsp;<\/a><\/p>\n<p><a href=\"http:\/\/bkt.blog.muenster.org\/wp-content\/uploads\/sites\/12\/2018\/11\/MZ-18.7.1987-Verabschiedung-Musiktherapie.jpg\">MZ-18.7.1987-Verabschiedung-Musiktherapie<\/a><\/p>\n<p><b><span style=\"font-size: large\">Aus dem Archiv des Gr\u00fcnders: &nbsp;<\/span><\/b><\/p>\n<p><a href=\"http:\/\/bkt.blog.muenster.org\/wp-content\/uploads\/sites\/12\/2023\/01\/Musiktherapie-Konzerte.pdf\">Dokumente zur Musiktherapie<\/a><\/p>\n<p><a href=\"http:\/\/bkt.blog.muenster.org\/wp-content\/uploads\/sites\/12\/2023\/08\/Entwurf-StO_PO_Mth-WWU-1986.pdf\" target=\"_blank\" rel=\"noopener\">Damalige Studien- und Pr\u00fcfungsordnung Musiktherapie<\/a><\/p>\n<p><a href=\"http:\/\/bkt.blog.muenster.org\/wp-content\/uploads\/sites\/12\/2018\/09\/Rhythmik-Tanz-Muenster.pdf\">Rhythmik\/Tanz &#8211; Konzeptionen 1977 ff.<\/a><\/p>\n<p><a href=\"http:\/\/bkt.blog.muenster.org\/wp-content\/uploads\/sites\/12\/2018\/09\/Rhythmik-Tanz-Beispiele.pdf\">Tanzbeschreibungen jener Zeit&nbsp;<\/a><\/p>\n<p><a href=\"http:\/\/bkt.blog.muenster.org\/wp-content\/uploads\/sites\/12\/2023\/01\/Seminarpapier_Tanz-1980-f..pdf\">Seminarpapier Tanz<\/a><\/p>\n<p>K\u00f6ln 2.5.1985:&nbsp;<a href=\"http:\/\/bkt.blog.muenster.org\/wp-content\/uploads\/sites\/12\/2023\/01\/Vortrag-Koeln-2.5.85.pdf\">Vortrag<\/a><span style=\"font-style: italic;font-size: 1rem\">&nbsp;und <\/span><a href=\"http:\/\/bkt.blog.muenster.org\/wp-content\/uploads\/sites\/12\/2023\/01\/Vortrag-Folien-Koeln-1985.pdf\">Folien zum Vortrag<\/a><span style=\"font-style: italic;font-size: 1rem\">&nbsp;und&nbsp;<\/span><a href=\"http:\/\/bkt.blog.muenster.org\/wp-content\/uploads\/sites\/12\/2023\/01\/Seminar-Folien-Koeln-1985.pdf\">Folien zum Seminar<\/a><\/p>\n<p><a href=\"http:\/\/bkt.blog.muenster.org\/wp-content\/uploads\/sites\/12\/2023\/01\/Senatsbeschluss_30-3-1087.pdf\">Senatsbeschluss<\/a><span style=\"font-style: italic;font-size: 1rem\">&nbsp; und&nbsp;<\/span><a href=\"http:\/\/bkt.blog.muenster.org\/wp-content\/uploads\/sites\/12\/2023\/01\/DSHS-IMT-Prag.pdf\">Vorlesungsverzeichnis K\u00f6ln<\/a><\/p>\n<p><span style=\"color: #0000ff\">Vorlesungsverzeichnis M\u00fcnster&nbsp;<\/span><a href=\"http:\/\/bkt.blog.muenster.org\/wp-content\/uploads\/sites\/12\/2023\/01\/VV-alles-S1.pdf\">Teil 1<\/a><span style=\"color: #0000ff\">&nbsp;und&nbsp;<\/span><a href=\"http:\/\/bkt.blog.muenster.org\/wp-content\/uploads\/sites\/12\/2023\/01\/VV-alles-S2.pdf\">Teil 2<\/a><\/p>\n<p><a href=\"http:\/\/bkt.blog.muenster.org\/wp-content\/uploads\/sites\/12\/2022\/11\/Vereinbarung_Honorar_3-10-75.pdf\">Ein Vertrag von 1975<\/a><\/p>\n<p>Zeitschrift <a href=\"http:\/\/bkt.blog.muenster.org\/wp-content\/uploads\/sites\/12\/2023\/01\/Pulsschlag-4-2002.jpg\">Plusschlag<\/a> der Medizinischen Fakult\u00e4t der Univ. M\u00fcnster<\/p>\n<p><a href=\"http:\/\/bkt.blog.muenster.org\/wp-content\/uploads\/sites\/12\/2023\/01\/Musiktherapie-Konzerte.pdf\">Musiktherapie und Konzerte&nbsp;<\/a><\/p>\n<p><span style=\"color: #0000ff;font-size: large\">&#8211;&gt;&nbsp;<\/span><span style=\"font-size: large\"><a href=\"http:\/\/www.tanzwissenschaft.de\/bibliographie.htm\">&nbsp;Bibliographie<\/a><\/span><\/p>\n<p><a href=\"http:\/\/bkt.blog.muenster.org\/wp-content\/uploads\/sites\/12\/2023\/01\/Publikationen.pdf\">Forschungsliste 1997 mit einigen Absolventen bis 2005<\/a><\/p>\n\n\n<p><\/p>\n","protected":false},"excerpt":{"rendered":"<p>anl\u00e4sslich des 30-j\u00e4hrigen Bestehens(gegr. 16.4.1984 in der Universit\u00e4t M\u00fcnster)&nbsp;und des Jubil\u00e4umssymposion 2024 in der Univ. M\u00fcnster Zur Geschichte der Musiktherapie in M\u00fcnster&nbsp; Musiktherapie-Dokumente seit 1983&nbsp; MZ-18.7.1987-Verabschiedung-Musiktherapie Aus dem Archiv des Gr\u00fcnders: &nbsp; Dokumente zur Musiktherapie Damalige Studien- und Pr\u00fcfungsordnung Musiktherapie Rhythmik\/Tanz &#8211; Konzeptionen 1977 ff. Tanzbeschreibungen jener Zeit&nbsp; Seminarpapier Tanz K\u00f6ln 2.5.1985:&nbsp;Vortrag&nbsp;und Folien zum Vortrag&nbsp;und&nbsp;Folien [&hellip;]<\/p>\n","protected":false},"author":13,"featured_media":0,"parent":0,"menu_order":0,"comment_status":"closed","ping_status":"closed","template":"","meta":{"ngg_post_thumbnail":0,"footnotes":""},"class_list":["post-221","page","type-page","status-publish","hentry"],"_links":{"self":[{"href":"https:\/\/bkt.blog.muenster.org\/index.php?rest_route=\/wp\/v2\/pages\/221","targetHints":{"allow":["GET"]}}],"collection":[{"href":"https:\/\/bkt.blog.muenster.org\/index.php?rest_route=\/wp\/v2\/pages"}],"about":[{"href":"https:\/\/bkt.blog.muenster.org\/index.php?rest_route=\/wp\/v2\/types\/page"}],"author":[{"embeddable":true,"href":"https:\/\/bkt.blog.muenster.org\/index.php?rest_route=\/wp\/v2\/users\/13"}],"replies":[{"embeddable":true,"href":"https:\/\/bkt.blog.muenster.org\/index.php?rest_route=%2Fwp%2Fv2%2Fcomments&post=221"}],"version-history":[{"count":85,"href":"https:\/\/bkt.blog.muenster.org\/index.php?rest_route=\/wp\/v2\/pages\/221\/revisions"}],"predecessor-version":[{"id":2315,"href":"https:\/\/bkt.blog.muenster.org\/index.php?rest_route=\/wp\/v2\/pages\/221\/revisions\/2315"}],"wp:attachment":[{"href":"https:\/\/bkt.blog.muenster.org\/index.php?rest_route=%2Fwp%2Fv2%2Fmedia&parent=221"}],"curies":[{"name":"wp","href":"https:\/\/api.w.org\/{rel}","templated":true}]}}