{"id":447,"date":"2018-05-29T12:33:00","date_gmt":"2018-05-29T10:33:00","guid":{"rendered":"http:\/\/bkt.blog.muenster.org\/?page_id=447"},"modified":"2026-03-13T20:48:52","modified_gmt":"2026-03-13T19:48:52","slug":"inensivkompaktwochen","status":"publish","type":"page","link":"https:\/\/bkt.blog.muenster.org\/?page_id=447","title":{"rendered":"Inensivkompaktwochen"},"content":{"rendered":"\n<p>Es werden keine Termine vorgegeben. Sie selbst k\u00f6nnen eine aus 5 aufeinander folgenden Tagen oder aus getrennten Terminen bestehende Intensivkompaktwoche Ihrer eigenen Wahl nennen. Eine Intensivkompaktwoche kann aufgeteilt werden z. B. von Mo \u2013 Mi oder Mi \u2013 Fr oder Fr \u2013 So. Bei Lehrern sind die Ferien beliebt, die ja in jedem Bundesland anders liegen. Fragen Sie also bitte per <a>Email<\/a> an, ob Ihre Wunschtermine noch frei sind. Vorsorglich k\u00f6nnen Sie auch noch eine alternative Intensivkompaktwoche angeben. Sie erhalten dann umgehend Antwort, ob die gew\u00fcnschte Woche noch frei ist.<\/p>\n\n\n\n<p>Die 2., 3., 4. und ggf. 5. Intensivkompaktwoche wird immer erst nach einer absolvierten Woche ausgesucht. Auf diese Weise k\u00f6nnen Sie selbst einsch\u00e4tzen, wie viel Zeit Sie f\u00fcr die \u00dcbungen und f\u00fcr die Lekt\u00fcre brauchen. Jede Intensivkompaktwoche baut auf der vorigen auf. Die meisten Teilnehmer lassen sich wenigstens vierzehn Tage Zeit bis zum n\u00e4chsten Intensivkompaktwoche.<\/p>\n\n\n\n<p>Die \u00dcbernachtung im Einzelzimmer kostet 20 \u20ac pro Nacht. Duschen, eine K\u00fcche sowie K\u00fchlschrank, Sp\u00fcl- und Waschmaschine sind vorhanden. Die Teilnehmer erhalten Schl\u00fcssel f\u00fcr den Haupteingang und f\u00fcr den Unterrichtsraum und k\u00f6nnen ihr Wohnen beliebig gestalten. Die Alarmsicherungen k\u00f6nnen selbst\u00e4ndig bedient werden. WLAN ist vorhanden.<\/p>\n\n\n\n<p>Das gro\u00dfe freistehende Geb\u00e4ude mit seinen vielen Musikinstrumenten eignet sich optimal f\u00fcr die Kombination von Musik, Tanz und Kunst und f\u00fcr eine durchaus erholsame Studienwoche.<\/p>\n\n\n\n<p>M\u00fcnster ist als&nbsp;<a href=\"http:\/\/de.wikipedia.org\/wiki\/Fahrradstadt_M\u00fcnster\">Fahrradstadt<\/a> bekannt. Ein Damen- und ein Herrenfahrrad werden kostenlos zur Verf\u00fcgung gestellt.<\/p>\n\n\n\n<p>Tiere sind sehr willkommen. Wenn in der Intensivkompaktwoche Einzelunterricht gew\u00fcnscht wird, k\u00f6nnen auch Kinder mitgebracht werden. Hinter dem Geb\u00e4ude verl\u00e4uft ein kleiner Bach mit anschlie\u00dfendem gro\u00dfen blumenreichen Gel\u00e4nde mit alten B\u00e4umen und B\u00fcschen.<\/p>\n\n\n\n<p>Suchen Sie sich Tage aus, an denen Sie sich freinehmen k\u00f6nnen, und fragen Sie an, ob die Lehrenden und das Geb\u00e4ude an den gew\u00fcnschten Terminen zur Verf\u00fcgung stehen. Die Tage, die Sie sich aussuchen, k\u00f6nnen zwei oder mehr Tage w\u00e4hrend der Woche umfassen und k\u00f6nnen auch das Wochenende oder einen Teil davon miteinbeziehen. Die Organisation Ihres Studiums ist dann etwas komplizierter, kommt aber Ihren M\u00f6glichkeiten entgegen. Es ist lediglich darauf zu achten, dass Sie das ins Studienbuch einzutragende komplette Stundenkontingent erf\u00fcllen, das f\u00fcr die Vermittlung der Studieninhalte unter Ber\u00fccksichtigung von Selbsterfahrung und \u00dcbem\u00f6glichkeiten zwischen den Seminarabschnitten veranschlagt ist. Es kam auch schon vor, dass jemand mit dem 2. Feiertag beginnen wollte. Es ist also alles m\u00f6glich. Wo ein Wille, ist ein Weg.<\/p>\n\n\n\n<p><em>Siehe<\/em> <a href=\"https:\/\/mtk-akademie.de\/anmelden\/\"><strong>Durchf\u00fchrung, Kosten und Anmeldung<\/strong><\/a><\/p>\n\n\n\n<p><strong><a href=\"https:\/\/maps.app.goo.gl\/nUVx2hBFmuQDkvxj6\">Lageplan<\/a><\/strong><\/p>\n","protected":false},"excerpt":{"rendered":"<p>Es werden keine Termine vorgegeben. Sie selbst k\u00f6nnen eine aus 5 aufeinander folgenden Tagen oder aus getrennten Terminen bestehende Intensivkompaktwoche Ihrer eigenen Wahl nennen. Eine Intensivkompaktwoche kann aufgeteilt werden z. B. von Mo \u2013 Mi oder Mi \u2013 Fr oder Fr \u2013 So. Bei Lehrern sind die Ferien beliebt, die ja in jedem Bundesland anders [&hellip;]<\/p>\n","protected":false},"author":13,"featured_media":0,"parent":0,"menu_order":0,"comment_status":"closed","ping_status":"closed","template":"","meta":{"ngg_post_thumbnail":0,"footnotes":""},"class_list":["post-447","page","type-page","status-publish","hentry"],"_links":{"self":[{"href":"https:\/\/bkt.blog.muenster.org\/index.php?rest_route=\/wp\/v2\/pages\/447","targetHints":{"allow":["GET"]}}],"collection":[{"href":"https:\/\/bkt.blog.muenster.org\/index.php?rest_route=\/wp\/v2\/pages"}],"about":[{"href":"https:\/\/bkt.blog.muenster.org\/index.php?rest_route=\/wp\/v2\/types\/page"}],"author":[{"embeddable":true,"href":"https:\/\/bkt.blog.muenster.org\/index.php?rest_route=\/wp\/v2\/users\/13"}],"replies":[{"embeddable":true,"href":"https:\/\/bkt.blog.muenster.org\/index.php?rest_route=%2Fwp%2Fv2%2Fcomments&post=447"}],"version-history":[{"count":14,"href":"https:\/\/bkt.blog.muenster.org\/index.php?rest_route=\/wp\/v2\/pages\/447\/revisions"}],"predecessor-version":[{"id":2374,"href":"https:\/\/bkt.blog.muenster.org\/index.php?rest_route=\/wp\/v2\/pages\/447\/revisions\/2374"}],"wp:attachment":[{"href":"https:\/\/bkt.blog.muenster.org\/index.php?rest_route=%2Fwp%2Fv2%2Fmedia&parent=447"}],"curies":[{"name":"wp","href":"https:\/\/api.w.org\/{rel}","templated":true}]}}