{"id":8,"date":"2017-07-12T13:51:46","date_gmt":"2017-07-12T11:51:46","guid":{"rendered":"http:\/\/bkt.blog.muenster.org\/?page_id=8"},"modified":"2019-09-16T19:10:24","modified_gmt":"2019-09-16T17:10:24","slug":"zeitschrift","status":"publish","type":"page","link":"https:\/\/bkt.blog.muenster.org\/?page_id=8","title":{"rendered":"Zeitschrift"},"content":{"rendered":"<p align=\"justify\">F\u00fcr BKMT-Mitglieder ist der Bezug der Zeitschrift MTK im Jahresmitgliedspreis enthalten:<\/p>\n<p style=\"text-align: center\" align=\"justify\"><span style=\"font-size: medium\"><b> <a href=\"http:\/\/www.psychologie-aktuell.com\/index.php?id=mtk\">Musik-, Tanz-, Kunsttherapie &#8211;<br \/>\nZeitschrift f\u00fcr k\u00fcnstlerische Therapien<br \/>\nim Bildungs-, Sozial- und Gesundheitswesen<\/a>&nbsp;<\/b><\/span><\/p>\n<p align=\"justify\">Alle fr\u00fcher erschienenen Beitr\u00e4ge mit teilweise farbigen Bildern k\u00f6nnen <a href=\"https:\/\/www.hogrefe.de\/produkte\/zeitschriften\/mtk\">online<\/a> eingesehen und heruntergeladen werden.<\/p>\n<p>Hier das neue Erscheinungsbild: <a href=\"http:\/\/bkt.blog.muenster.org\/wp-content\/uploads\/sites\/12\/2018\/10\/02_MTK-1-2017-1.pdf\">Ausgabe 1\/2017<\/a><\/p>\n<p align=\"justify\">Die seit 2017 in Farbe erscheinende&nbsp;<a href=\"http:\/\/www.psychologie-aktuell.com\/index.php?id=mtk\">Zeitschrift f\u00fcr Musik-, Tanz- und Kunsttherapie &#8211; Zeitschrift f\u00fcr&nbsp; k\u00fcnstlerische Therapien im Bildungs-, Sozial- und Gesundheitswesen<\/a>&nbsp;informiert&nbsp; \u00fcber neue Erkenntnisse aus Wissenschaft und Praxis. Au\u00dferdem enth\u00e4lt sie Veranstaltungshinweise, Mitteilungen der&nbsp; Verb\u00e4nde und Buchrezensionen. Vielleicht haben Sie ein Thema, zu dem Sie&nbsp; publizieren m\u00f6chten.<\/p>\n<p align=\"justify\"><a href=\"http:\/\/bkt.blog.muenster.org\/wp-content\/uploads\/sites\/12\/2019\/09\/hinweise_fuer_Autoren<\/a><\/p>\n<p align=\"justify\">Wichtigste Vorteile beim Bezug der Zeitschrift<\/p>\n<ul>\n<li>aktueller Wissensstand<\/li>\n<li>Blick \u00fcber den Gartenzaun durch Berichte aus verwandten&nbsp; Therapien<\/li>\n<li>M\u00f6glichkeit zum Publizieren und Kontaktadressen<\/li>\n<li>Zugriff per online zum Herunterladen der Farbdrucke<\/li>\n<\/ul>\n<p>Die zuvor erschienen Beitr\u00e4ge k\u00f6nnen&nbsp;<a href=\"https:\/\/www.hogrefe.de\/produkte\/zeitschriften\/mtk\">hier<\/a>&nbsp;heruntergeladen werden.<\/p>\n<p align=\"justify\">Einige vor 1990&nbsp;erschienene&nbsp; Artikel k\u00f6nnen mit<a href=\"http:\/\/www.adobe.de\/products\/acrobat\/readstep.html\">&nbsp;Acrobat Reader<\/a>&nbsp;heruntergeladen werden:<br \/>\nzur<a href=\"http:\/\/www.muenster.de\/~bkmt\/MTKMusiktherapie.prn.pdf\">&nbsp;Musiktherapie<\/a><br \/>\nzur<a href=\"http:\/\/www.muenster.de\/~bkmt\/MTKTanztherapie.prn.pdf\">&nbsp;Tanztherapie<\/a><br \/>\nzu<a href=\"http:\/\/www.muenster.de\/~bkmt\/MTKArtikel.prn.pdf\">&nbsp;\u00fcbergreifenden Themen<\/a><\/p>\n<p align=\"justify\">Sollten Sie einen wissenschaftlichen Beitrag ver\u00f6ffentlichen wollen, steht daf\u00fcr die Zeitschrift f\u00fcr K\u00fcnstlerische Therapien zur Verf\u00fcgung. Die eingereichten Artikel unterliegen &#8211; wie in hochrangigen Zeitschriften \u00fcblich &#8211; einem Gutachtersystem. Die Gutachter arbeiten im Interesse des Niveaus der Zeitschrift, das den K\u00fcnstlerischen Therapien insgesamt zugute kommt, ehrenamtlich und geben ausf\u00fchrliche Anregungen zur Verbesserung der eingereichten Beitr\u00e4ge. Dementsprechend erhalten Autoren &#8211; wie in wissenschaftlichen Zeitschriften \u00fcblich &#8211; kein Honorar, m\u00fcssen aber nicht wie vielfach \u00fcblich f\u00fcr Farbdrucke zuzahlen.<\/p>\n<p align=\"justify\">Beachten Sie bitte beim Verfassen Ihres Beitrags die Hinweise des Verlags an die Autorenhinweis.pdf&#8220;>&nbsp;Manuskriptgestaltung<\/a> bzw. diese&nbsp;<a href=\"http:\/\/www.k\u00fcnstlerischetherapien.de\/Infos\/Zeitschrift\/Allgemeine_Hinweise_zur_Manuskriptgestaltung_17.11.2015.pdf\">Anleitung.<\/a><\/p>\n<p align=\"justify\">Die f\u00fcr die Rubriken &#8222;Mitteilungen&#8220; und &#8222;Veranstaltungshinweise&#8220; eingereichten Berichte und Termine unterliegen nicht dem Gutachtersystem. Sie sind ebenfalls sehr willkommen.<\/p>\n","protected":false},"excerpt":{"rendered":"<p>F\u00fcr BKMT-Mitglieder ist der Bezug der Zeitschrift MTK im Jahresmitgliedspreis enthalten: Musik-, Tanz-, Kunsttherapie &#8211; Zeitschrift f\u00fcr k\u00fcnstlerische Therapien im Bildungs-, Sozial- und Gesundheitswesen&nbsp; Alle fr\u00fcher erschienenen Beitr\u00e4ge mit teilweise farbigen Bildern k\u00f6nnen online eingesehen und heruntergeladen werden. Hier das neue Erscheinungsbild: Ausgabe 1\/2017 Die seit 2017 in Farbe erscheinende&nbsp;Zeitschrift f\u00fcr Musik-, Tanz- und Kunsttherapie [&hellip;]<\/p>\n","protected":false},"author":13,"featured_media":0,"parent":0,"menu_order":0,"comment_status":"closed","ping_status":"closed","template":"","meta":{"ngg_post_thumbnail":0,"footnotes":""},"class_list":["post-8","page","type-page","status-publish","hentry"],"_links":{"self":[{"href":"https:\/\/bkt.blog.muenster.org\/index.php?rest_route=\/wp\/v2\/pages\/8","targetHints":{"allow":["GET"]}}],"collection":[{"href":"https:\/\/bkt.blog.muenster.org\/index.php?rest_route=\/wp\/v2\/pages"}],"about":[{"href":"https:\/\/bkt.blog.muenster.org\/index.php?rest_route=\/wp\/v2\/types\/page"}],"author":[{"embeddable":true,"href":"https:\/\/bkt.blog.muenster.org\/index.php?rest_route=\/wp\/v2\/users\/13"}],"replies":[{"embeddable":true,"href":"https:\/\/bkt.blog.muenster.org\/index.php?rest_route=%2Fwp%2Fv2%2Fcomments&post=8"}],"version-history":[{"count":15,"href":"https:\/\/bkt.blog.muenster.org\/index.php?rest_route=\/wp\/v2\/pages\/8\/revisions"}],"predecessor-version":[{"id":1163,"href":"https:\/\/bkt.blog.muenster.org\/index.php?rest_route=\/wp\/v2\/pages\/8\/revisions\/1163"}],"wp:attachment":[{"href":"https:\/\/bkt.blog.muenster.org\/index.php?rest_route=%2Fwp%2Fv2%2Fmedia&parent=8"}],"curies":[{"name":"wp","href":"https:\/\/api.w.org\/{rel}","templated":true}]}}